{"id":232,"date":"2019-10-18T13:45:31","date_gmt":"2019-10-18T16:45:31","guid":{"rendered":"https:\/\/manuts.com.br\/?page_id=232"},"modified":"2026-03-10T15:30:07","modified_gmt":"2026-03-10T18:30:07","slug":"plataforma-elevatoria","status":"publish","type":"page","link":"https:\/\/manuts.com.br\/index.php\/plataforma-elevatoria\/","title":{"rendered":"Plataforma Elevat\u00f3ria"},"content":{"rendered":"<div class=\"wpb-content-wrapper\"><p>[vc_row][vc_column]\n\n\n    <h2 id=\"hd-69e43c1c70df0\" class=\"li-heading  center fw-bold         vc_custom_1571423171730\" style=\"color: #1e73be;\" >\n        PLATAFORMA ELEVAT\u00d3RIA        <small style=\"color: #000000;\" class=\"fw-bold\">SERVI\u00c7OS DE MANUTEN\u00c7\u00c3O<\/small>    <\/h2>\n\n\n\n    \n\n\n    <h3 id=\"hd-69e43c1c70e22\" class=\"li-heading  center fw-bold         vc_custom_1571417381797\" style=\"color: #1e73be;\" >\n        Programe as manuten\u00e7\u00f5es preventivas de sua(s) m\u00e1quina(s) com a Manut Servi\u00e7os!        <small  class=\"fw-bold\">Programe as manuten\u00e7\u00f5es preventivas de sua(s) m\u00e1quina(s) com a Manut Servi\u00e7os!<\/small>    <\/h3>\n\n\n\n    [\/vc_column][\/vc_row][vc_row][vc_column]\n\n\n    <h2 id=\"hd-69e43c1c70e37\" class=\"li-heading  left fw-bold        \"  >\n                    <\/h2>\n\n\n\n    \n\n    <div id=\"tb-69e43c1c70e47\" class=\"li-textblock         \"  >\n        <p style=\"text-align: Justify;\">Realizamos a manuten\u00e7\u00e3o da sua Plataforma, seja uma preventiva (a cada 250 horas ou tr\u00eas meses) e corretiva, nossos t\u00e9cnicos s\u00e3o treinados e capacitados para efetuar manuten\u00e7\u00e3o em diversos modelos e marcas, como: Gen\u00ede, JLG, Haulotte, skyJack,&#8230;Realizamos desde inspe\u00e7\u00e3o de itens de seguran\u00e7a, a retrofit do seu equipamento, de modo a deixar apto e seguro para o trabalho.<\/p>\n    <\/div>\n\n\n     <div class=\"btn-wrapper center  vc_custom_1773167397696\"><a href=\"https:\/\/wp.faleconosco.chat\/redirect\/a8c841a27\"   class=\"btn  btn-md btn-blue  btn-icon-left\" id=\"btn-69e43c1c70e9d\"><i class=\"fab fa-whatsapp\"><\/i>Fa\u00e7a sua cota\u00e7\u00e3o<\/a><\/div>[\/vc_column][\/vc_row][vc_row][vc_column]\n\n    <div id=\"tb-69e43c1c70ec9\" class=\"li-textblock         \"  >\n        <style type=\"text\/css\">\n#foogallery-gallery-235 .fg-image { width: 200px; }\n#foogallery-gallery-235 { --fg-gutter: 10px; }<\/style>\n\t\t\t<div class=\"foogallery foogallery-container foogallery-default foogallery-lightbox-foobox fg-center fg-default fg-ready fg-light fg-border-thin fg-shadow-outline fg-loading-bars fg-loaded-fade-in fg-caption-hover fg-hover-fade fg-hover-zoom3\" id=\"foogallery-gallery-235\" data-foogallery=\"{&quot;item&quot;:{&quot;showCaptionTitle&quot;:false,&quot;showCaptionDescription&quot;:false},&quot;lazy&quot;:true}\" style=\"--fg-title-line-clamp: 0; --fg-description-line-clamp: 0;\" >\n\t<div class=\"fg-item fg-type-image fg-idle\"><figure class=\"fg-item-inner\"><a href=\"https:\/\/manuts.com.br\/wp-content\/uploads\/2019\/10\/450AJ-construction-2-gallery.jpg\" data-attachment-id=\"236\" data-type=\"image\" class=\"fg-thumb\" data-rel=\"lightbox-image-0\" data-rl_title=\"\" data-rl_caption=\"\" title=\"\"><span class=\"fg-image-wrap\"><img decoding=\"async\" width=\"200\" height=\"200\" class=\"skip-lazy fg-image\" data-src-fg=\"https:\/\/manuts.com.br\/wp-content\/uploads\/cache\/2019\/10\/450AJ-construction-2-gallery\/818015911.jpg\" src=\"data:image\/svg+xml,%3Csvg%20xmlns%3D%22http%3A%2F%2Fwww.w3.org%2F2000%2Fsvg%22%20width%3D%22200%22%20height%3D%22200%22%20viewBox%3D%220%200%20200%20200%22%3E%3C%2Fsvg%3E\" loading=\"eager\"><\/span><span class=\"fg-image-overlay\"><\/span><\/a><\/figure><div class=\"fg-loader\"><\/div><\/div><div class=\"fg-item fg-type-image fg-idle\"><figure class=\"fg-item-inner\"><a href=\"https:\/\/manuts.com.br\/wp-content\/uploads\/2019\/10\/800aj.png\" data-attachment-id=\"237\" data-type=\"image\" class=\"fg-thumb\" data-rel=\"lightbox-image-1\" data-rl_title=\"\" data-rl_caption=\"\" title=\"\"><span class=\"fg-image-wrap\"><img decoding=\"async\" width=\"200\" height=\"200\" class=\"skip-lazy fg-image\" data-src-fg=\"https:\/\/manuts.com.br\/wp-content\/uploads\/cache\/2019\/10\/800aj\/287828423.png\" src=\"data:image\/svg+xml,%3Csvg%20xmlns%3D%22http%3A%2F%2Fwww.w3.org%2F2000%2Fsvg%22%20width%3D%22200%22%20height%3D%22200%22%20viewBox%3D%220%200%20200%20200%22%3E%3C%2Fsvg%3E\" loading=\"eager\"><\/span><span class=\"fg-image-overlay\"><\/span><\/a><\/figure><div class=\"fg-loader\"><\/div><\/div><div class=\"fg-item fg-type-image fg-idle\"><figure class=\"fg-item-inner\"><a href=\"https:\/\/manuts.com.br\/wp-content\/uploads\/2019\/10\/800a-Product-Silo.jpg\" data-attachment-id=\"238\" data-type=\"image\" class=\"fg-thumb\" data-rel=\"lightbox-image-2\" data-rl_title=\"\" data-rl_caption=\"\" title=\"\"><span class=\"fg-image-wrap\"><img decoding=\"async\" width=\"200\" height=\"200\" class=\"skip-lazy fg-image\" data-src-fg=\"https:\/\/manuts.com.br\/wp-content\/uploads\/cache\/2019\/10\/800a-Product-Silo\/2903898897.jpg\" src=\"data:image\/svg+xml,%3Csvg%20xmlns%3D%22http%3A%2F%2Fwww.w3.org%2F2000%2Fsvg%22%20width%3D%22200%22%20height%3D%22200%22%20viewBox%3D%220%200%20200%20200%22%3E%3C%2Fsvg%3E\" loading=\"eager\"><\/span><span class=\"fg-image-overlay\"><\/span><\/a><\/figure><div class=\"fg-loader\"><\/div><\/div><div class=\"fg-item fg-type-image fg-idle\"><figure class=\"fg-item-inner\"><a href=\"https:\/\/manuts.com.br\/wp-content\/uploads\/2019\/10\/Toucan-32E-maintenance-jpg.jpg\" data-attachment-id=\"240\" data-type=\"image\" class=\"fg-thumb\" data-rel=\"lightbox-image-3\" data-rl_title=\"\" data-rl_caption=\"\" title=\"\"><span class=\"fg-image-wrap\"><img decoding=\"async\" width=\"200\" height=\"200\" class=\"skip-lazy fg-image\" data-src-fg=\"https:\/\/manuts.com.br\/wp-content\/uploads\/cache\/2019\/10\/Toucan-32E-maintenance-jpg\/1105220693.jpg\" src=\"data:image\/svg+xml,%3Csvg%20xmlns%3D%22http%3A%2F%2Fwww.w3.org%2F2000%2Fsvg%22%20width%3D%22200%22%20height%3D%22200%22%20viewBox%3D%220%200%20200%20200%22%3E%3C%2Fsvg%3E\" loading=\"eager\"><\/span><span class=\"fg-image-overlay\"><\/span><\/a><\/figure><div class=\"fg-loader\"><\/div><\/div><div class=\"fg-item fg-type-image fg-idle\"><figure class=\"fg-item-inner\"><a href=\"https:\/\/manuts.com.br\/wp-content\/uploads\/2019\/10\/z80.png\" data-attachment-id=\"241\" data-type=\"image\" class=\"fg-thumb\" data-rel=\"lightbox-image-4\" data-rl_title=\"\" data-rl_caption=\"\" title=\"\"><span class=\"fg-image-wrap\"><img decoding=\"async\" width=\"200\" height=\"200\" class=\"skip-lazy fg-image\" data-src-fg=\"https:\/\/manuts.com.br\/wp-content\/uploads\/cache\/2019\/10\/z80\/106225184.png\" src=\"data:image\/svg+xml,%3Csvg%20xmlns%3D%22http%3A%2F%2Fwww.w3.org%2F2000%2Fsvg%22%20width%3D%22200%22%20height%3D%22200%22%20viewBox%3D%220%200%20200%20200%22%3E%3C%2Fsvg%3E\" loading=\"eager\"><\/span><span class=\"fg-image-overlay\"><\/span><\/a><\/figure><div class=\"fg-loader\"><\/div><\/div><div class=\"fg-item fg-type-image fg-idle\"><figure class=\"fg-item-inner\"><a href=\"https:\/\/manuts.com.br\/wp-content\/uploads\/2019\/10\/450AJ.jpeg\" data-attachment-id=\"243\" data-type=\"image\" class=\"fg-thumb\" data-rel=\"lightbox-image-5\" data-rl_title=\"\" data-rl_caption=\"\" title=\"\"><span class=\"fg-image-wrap\"><img decoding=\"async\" width=\"200\" height=\"200\" class=\"skip-lazy fg-image\" data-src-fg=\"https:\/\/manuts.com.br\/wp-content\/uploads\/cache\/2019\/10\/450AJ\/3842220304.jpeg\" src=\"data:image\/svg+xml,%3Csvg%20xmlns%3D%22http%3A%2F%2Fwww.w3.org%2F2000%2Fsvg%22%20width%3D%22200%22%20height%3D%22200%22%20viewBox%3D%220%200%20200%20200%22%3E%3C%2Fsvg%3E\" loading=\"eager\"><\/span><span class=\"fg-image-overlay\"><\/span><\/a><\/figure><div class=\"fg-loader\"><\/div><\/div><div class=\"fg-item fg-type-image fg-idle\"><figure class=\"fg-item-inner\"><a href=\"https:\/\/manuts.com.br\/wp-content\/uploads\/2019\/10\/PLATAFORMA.jpg\" data-attachment-id=\"245\" data-type=\"image\" class=\"fg-thumb\" data-rel=\"lightbox-image-6\" data-rl_title=\"\" data-rl_caption=\"\" title=\"\"><span class=\"fg-image-wrap\"><img decoding=\"async\" width=\"200\" height=\"200\" class=\"skip-lazy fg-image\" data-src-fg=\"https:\/\/manuts.com.br\/wp-content\/uploads\/cache\/2019\/10\/PLATAFORMA\/560001968.jpg\" src=\"data:image\/svg+xml,%3Csvg%20xmlns%3D%22http%3A%2F%2Fwww.w3.org%2F2000%2Fsvg%22%20width%3D%22200%22%20height%3D%22200%22%20viewBox%3D%220%200%20200%20200%22%3E%3C%2Fsvg%3E\" loading=\"eager\"><\/span><span class=\"fg-image-overlay\"><\/span><\/a><\/figure><div class=\"fg-loader\"><\/div><\/div><\/div>\n\n    <\/div>\n\n\n     [\/vc_column][\/vc_row]<\/p>\n<\/div>","protected":false},"excerpt":{"rendered":"<p>[vc_row][vc_column][\/vc_column][\/vc_row][vc_row][vc_column][\/vc_column][\/vc_row][vc_row][vc_column][\/vc_column][\/vc_row]<\/p>\n","protected":false},"author":1,"featured_media":0,"parent":0,"menu_order":0,"comment_status":"closed","ping_status":"closed","template":"","meta":{"_exactmetrics_skip_tracking":false,"_exactmetrics_sitenote_active":false,"_exactmetrics_sitenote_note":"","_exactmetrics_sitenote_category":0,"footnotes":""},"class_list":["post-232","page","type-page","status-publish","hentry"],"_links":{"self":[{"href":"https:\/\/manuts.com.br\/index.php\/wp-json\/wp\/v2\/pages\/232","targetHints":{"allow":["GET"]}}],"collection":[{"href":"https:\/\/manuts.com.br\/index.php\/wp-json\/wp\/v2\/pages"}],"about":[{"href":"https:\/\/manuts.com.br\/index.php\/wp-json\/wp\/v2\/types\/page"}],"author":[{"embeddable":true,"href":"https:\/\/manuts.com.br\/index.php\/wp-json\/wp\/v2\/users\/1"}],"replies":[{"embeddable":true,"href":"https:\/\/manuts.com.br\/index.php\/wp-json\/wp\/v2\/comments?post=232"}],"version-history":[{"count":5,"href":"https:\/\/manuts.com.br\/index.php\/wp-json\/wp\/v2\/pages\/232\/revisions"}],"predecessor-version":[{"id":328,"href":"https:\/\/manuts.com.br\/index.php\/wp-json\/wp\/v2\/pages\/232\/revisions\/328"}],"wp:attachment":[{"href":"https:\/\/manuts.com.br\/index.php\/wp-json\/wp\/v2\/media?parent=232"}],"curies":[{"name":"wp","href":"https:\/\/api.w.org\/{rel}","templated":true}]}}